{"id":97,"date":"2015-07-29T18:27:12","date_gmt":"2015-07-29T16:27:12","guid":{"rendered":"http:\/\/sense-emotion.de\/?page_id=97"},"modified":"2015-09-14T16:19:41","modified_gmt":"2015-09-14T14:19:41","slug":"projekt","status":"publish","type":"page","link":"https:\/\/www.sense-emotion.de\/?page_id=97","title":{"rendered":"VERBUNDPROJEKT  SenseEmotion"},"content":{"rendered":"<div class=\"section\">\n<div class=\"layoutArea\">\n<div class=\"column\">\n<div style=\"height: 16px;\"><\/div>\n<h4><strong><span style=\"color: #3a5062;\">Multisensorische Schmerz- und Emotionserkennung: Avatar-basiertes Affektmanagement f\u00fcr \u00e4ltere Menschen<\/span><\/strong><\/h4>\n<\/div>\n<\/div>\n<\/div>\n<hr \/>\n<h3 class=\"section\"><\/h3>\n<div style=\"height: 16px;\"><\/div>\n<h3><span style=\"color: #3194c5;\"><strong>Ziele<\/strong><\/span><\/h3>\n<p>Die Optimierung der Schmerzbehandlung durch automatische Erkennung k\u00f6rperlicher Schmerzen und die Verminderung seelischer Schmerzen durch ein an Personen angepasstes Affektmanagement, um das Wohlbefinden und die Lebensqualit\u00e4t von \u00e4lteren Menschen zu verbessern.<\/p>\n<div style=\"height: 16px;\"><\/div>\n<h3><span style=\"color: #3194c5;\"><strong>Motivation<\/strong><\/span><\/h3>\n<p>W\u00e4hrend sich der demographische Wandel in Deutschland besonders dramatisch gestaltet, steigt gleichzeitig die Lebenserwartung der Generation 65+. Schmerzen im Alter k\u00f6nnen die Lebensqualit\u00e4t massiv verringern, da sie nicht nur k\u00f6rperliche Beschwerden, sondern auch psychosoziale St\u00f6rungen wie Appetitlosigkeit, Schlafst\u00f6rungen, Angst, Hoffnungslosigkeit bis hin zum sozialen R\u00fcckzug zur Folge haben k\u00f6nnen. Im Pflegeheimalltag ist die Schmerzerkennung eine wichtige Routineaufgabe des Pflegepersonals, um ein optimales Schmerzmanagement durch individuell angepasste Therapieprogramme zu erm\u00f6glichen. Studien weisen dennoch darauf hin, dass trotz vorhandener Therapiem\u00f6glichkeiten eine Unterversorgung der Schmerzpatienten in allen Versorgungsbereichen vorzufinden ist. Eine wesentliche Ursache daf\u00fcr h\u00e4ngt mit der Ungenauigkeit der bisherigen Schmerzerkennungsmethoden zusammen:<\/p>\n<div style=\"float: left; width: 35%;\"><img loading=\"lazy\" decoding=\"async\" class=\" wp-image-82 aligncenter\" src=\"http:\/\/sense-emotion.de\/wp-content\/uploads\/2015\/08\/Projektbeschreibung1.png\" alt=\"Projektbeschreibung1\" width=\"231\" height=\"227\" \/><\/div>\n<div style=\"float: right; width: 65%;\">\n<div style=\"padding-top: 36px;\">\n<ul>\n<li>Keine systematische Einsch\u00e4tzung der Schmerzintensit\u00e4t<\/li>\n<li>Abh\u00e4ngigkeit von verbalen Schmerz\u00e4u\u00dferungen<\/li>\n<li>Problem bei dementiell erkrankten Personen<\/li>\n<li>Vorurteile seitens der Patienten<\/li>\n<li>Untersch\u00e4tzung von psychosozialen Einfl\u00fcssen<\/li>\n<\/ul>\n<\/div>\n<\/div>\n<div style=\"clear: both;\"><\/div>\n<div style=\"height: 36px;\"><\/div>\n<h3><strong><span style=\"color: #3194c5;\">Vorgehen<\/span><\/strong><\/h3>\n<p>Im Projekt soll ein automatisches System zur multisensorischen, differenzierten Erkennung von Schmerzen, Zust\u00e4nden der Orientierungslosigkeit bzw. Verwirrung und damit verbundenen Emotionen wie Panik, Angst und \u00c4rger entwickelt werden. Der Gef\u00fchlszustand der Betroffenen soll zuverl\u00e4ssig und schnell erkannt werden, indem die Daten paralinguistischer, psychobiologischer und visueller Parameter zusammengef\u00fchrt werden.<\/p>\n<p><img loading=\"lazy\" decoding=\"async\" class=\" wp-image-85 aligncenter\" src=\"http:\/\/sense-emotion.de\/wp-content\/uploads\/2015\/08\/Projektbeschreibung2.png\" alt=\"Projektbeschreibung2\" width=\"1036\" height=\"445\" \/><\/p>\n<p>Des Weiteren soll ein Avatar, also eine digitale, k\u00fcnstliche Figur, f\u00fcr Kriseninterventionen entwickelt werden. Der Avatar soll mit dem Betroffenen in den Dialog treten und Beruhigungsma\u00dfnahmen, Ged\u00e4chtnisunterst\u00fctzung und Hilfestellung anbieten. Um diese Ziele unter Ber\u00fccksichtigung ethischer und datenschutzrechtlicher Fragen zu erreichen, arbeiten im Projekt Vertreterinnen und Vertreter aus den Ingenieurswissenschaften, der Neuropsychologie und dem Interaktionsdesign zusammen.<\/p>\n<div style=\"height: 16px;\"><\/div>\n<h3><span style=\"color: #3194c5;\"><strong>Systemaufbau und Meilensteine<\/strong><\/span><\/h3>\n<p><img loading=\"lazy\" decoding=\"async\" class=\" wp-image-86 aligncenter\" src=\"http:\/\/sense-emotion.de\/wp-content\/uploads\/2015\/08\/Projektbeschreibung3.png\" alt=\"Projektbeschreibung3\" width=\"938\" height=\"539\" \/><\/p>\n<div style=\"height: 36px;\"><\/div>\n<h3><span style=\"color: #3194c5;\"><strong>Innovationen und Perspektiven<\/strong><\/span><\/h3>\n<p>Das System kann durch eine sensorbasierte automatische Schmerz- und Emotionserkennung eine optimal angepasste Schmerztherapie erm\u00f6glichen und so zur Verbesserung der Lebensqualit\u00e4t von insbesondere \u00e4lteren pflegebed\u00fcrftigen Menschen beitragen.<\/p>\n<p>&nbsp;<\/p>\n<h3><strong><span style=\"color: #3a5062;\">Haben Sie Interesse an einer Kooperation?<\/span><\/strong><\/h3>\n<p>[contact-form-7 id=&#8220;227&#8243; title=&#8220;Kontaktformular 1&#8243;]<\/p>\n","protected":false},"excerpt":{"rendered":"<p>Multisensorische Schmerz- und Emotionserkennung: Avatar-basiertes Affektmanagement f\u00fcr \u00e4ltere Menschen Ziele Die Optimierung der Schmerzbehandlung durch automatische Erkennung k\u00f6rperlicher Schmerzen und die Verminderung seelischer Schmerzen durch ein an Personen angepasstes Affektmanagement, um das Wohlbefinden und die Lebensqualit\u00e4t von \u00e4lteren Menschen zu verbessern. Motivation W\u00e4hrend sich der demographische Wandel in Deutschland besonders dramatisch gestaltet, steigt gleichzeitig die&#8230;<\/p>\n","protected":false},"author":3,"featured_media":0,"parent":0,"menu_order":0,"comment_status":"closed","ping_status":"closed","template":"","meta":{"footnotes":""},"class_list":["post-97","page","type-page","status-publish","hentry"],"_links":{"self":[{"href":"https:\/\/www.sense-emotion.de\/index.php?rest_route=\/wp\/v2\/pages\/97","targetHints":{"allow":["GET"]}}],"collection":[{"href":"https:\/\/www.sense-emotion.de\/index.php?rest_route=\/wp\/v2\/pages"}],"about":[{"href":"https:\/\/www.sense-emotion.de\/index.php?rest_route=\/wp\/v2\/types\/page"}],"author":[{"embeddable":true,"href":"https:\/\/www.sense-emotion.de\/index.php?rest_route=\/wp\/v2\/users\/3"}],"replies":[{"embeddable":true,"href":"https:\/\/www.sense-emotion.de\/index.php?rest_route=%2Fwp%2Fv2%2Fcomments&post=97"}],"version-history":[{"count":9,"href":"https:\/\/www.sense-emotion.de\/index.php?rest_route=\/wp\/v2\/pages\/97\/revisions"}],"predecessor-version":[{"id":228,"href":"https:\/\/www.sense-emotion.de\/index.php?rest_route=\/wp\/v2\/pages\/97\/revisions\/228"}],"wp:attachment":[{"href":"https:\/\/www.sense-emotion.de\/index.php?rest_route=%2Fwp%2Fv2%2Fmedia&parent=97"}],"curies":[{"name":"wp","href":"https:\/\/api.w.org\/{rel}","templated":true}]}}